{"id":975200,"date":"2026-02-22T12:04:36","date_gmt":"2026-02-22T11:04:36","guid":{"rendered":"https:\/\/www.touwin.com\/?page_id=975200"},"modified":"2026-02-24T00:07:16","modified_gmt":"2026-02-23T23:07:16","slug":"page-vente-calendrier","status":"publish","type":"page","link":"https:\/\/www.touwin.com\/index.php\/page-vente-calendrier\/","title":{"rendered":"Page vente calendrier"},"content":{"rendered":"\n<div class=\"wp-block-group alignfull has-global-padding is-layout-constrained wp-block-group-is-layout-constrained\" style=\"margin-top:0;margin-bottom:0\">\n<div class=\"wp-block-columns alignfull is-layout-flex wp-container-core-columns-is-layout-9c22b1e3 wp-block-columns-is-layout-flex\">\n<div class=\"wp-block-column is-layout-flow wp-block-column-is-layout-flow\" style=\"flex-basis:55%\">\n<div class=\"wp-block-cover is-light\" style=\"min-height:100vh;aspect-ratio:unset;\"><img loading=\"lazy\" decoding=\"async\" width=\"724\" height=\"1024\" class=\"wp-block-cover__image-background wp-image-975125 size-large\" alt=\"\" src=\"https:\/\/www.touwin.com\/wp-content\/uploads\/2026\/02\/Calendrier-2026-final_-724x1024.png\" data-object-fit=\"cover\" srcset=\"https:\/\/www.touwin.com\/wp-content\/uploads\/2026\/02\/Calendrier-2026-final_-724x1024.png 724w, https:\/\/www.touwin.com\/wp-content\/uploads\/2026\/02\/Calendrier-2026-final_-212x300.png 212w, https:\/\/www.touwin.com\/wp-content\/uploads\/2026\/02\/Calendrier-2026-final_-768x1086.png 768w, https:\/\/www.touwin.com\/wp-content\/uploads\/2026\/02\/Calendrier-2026-final_-1086x1536.png 1086w, https:\/\/www.touwin.com\/wp-content\/uploads\/2026\/02\/Calendrier-2026-final_-1448x2048.png 1448w, https:\/\/www.touwin.com\/wp-content\/uploads\/2026\/02\/Calendrier-2026-final_-600x848.png 600w, https:\/\/www.touwin.com\/wp-content\/uploads\/2026\/02\/Calendrier-2026-final_-scaled.png 1810w\" sizes=\"auto, (max-width: 724px) 100vw, 724px\" \/><span aria-hidden=\"true\" class=\"wp-block-cover__background has-background-dim-0 has-background-dim\" style=\"background-color:#949494\"><\/span><div class=\"wp-block-cover__inner-container is-layout-flow wp-block-cover-is-layout-flow\">\n<div style=\"height:var(--wp--preset--spacing--20)\" aria-hidden=\"true\" class=\"wp-block-spacer\"><\/div>\n<\/div><\/div>\n<\/div>\n\n\n\n<div class=\"wp-block-column is-vertically-aligned-center is-layout-flow wp-block-column-is-layout-flow\" style=\"padding-top:var(--wp--preset--spacing--60);padding-right:var(--wp--preset--spacing--60);padding-bottom:var(--wp--preset--spacing--60);padding-left:var(--wp--preset--spacing--60)\">\n<h2 class=\"wp-block-heading has-xx-large-font-size\">Calendrier 2026<\/h2>\n\n\n\n<p><strong>Un calendrier qui ose tout\u2026 et qui vous fera oublier les chats et les paysages ennuyeux.<\/strong>&nbsp;Chaque mois, une dose d\u2019audace, de sensualit\u00e9 et d\u2019humour noir et blanc pour \u00e9gayer vos murs (et vos pauses caf\u00e9). Parce qu\u2019un agenda, c\u2019hui, \u00e7a se regarde avec un sourire en coin.&nbsp;<strong>\u00c0 accrocher sans mod\u00e9ration.<\/strong><\/p>\n\n\n\n<p class=\"has-medium-font-size\">Disponible en pr\u00e9commande maintenant<\/p>\n<\/div>\n<\/div>\n<\/div>\n\n\n\n<div class=\"wp-block-group alignfull has-global-padding is-layout-constrained wp-container-core-group-is-layout-54af5b55 wp-block-group-is-layout-constrained\" style=\"margin-top:0;margin-bottom:0;padding-top:var(--wp--preset--spacing--60);padding-bottom:var(--wp--preset--spacing--60)\">\n<h2 class=\"wp-block-heading alignwide has-text-align-center has-x-large-font-size\">Achetez votre exemplaire du livre \u00ab&nbsp;Histoires&nbsp;\u00bb<\/h2>\n\n\n\n<figure class=\"wp-block-gallery has-nested-images columns-default is-cropped wp-block-gallery-1 is-layout-flex wp-block-gallery-is-layout-flex\">\n<figure class=\"wp-block-image size-large\"><img loading=\"lazy\" decoding=\"async\" width=\"683\" height=\"1024\" data-id=\"975210\" src=\"https:\/\/www.touwin.com\/wp-content\/uploads\/2026\/02\/2-DSCF0140-683x1024.jpg\" alt=\"\" class=\"wp-image-975210\" srcset=\"https:\/\/www.touwin.com\/wp-content\/uploads\/2026\/02\/2-DSCF0140-683x1024.jpg 683w, https:\/\/www.touwin.com\/wp-content\/uploads\/2026\/02\/2-DSCF0140-200x300.jpg 200w, https:\/\/www.touwin.com\/wp-content\/uploads\/2026\/02\/2-DSCF0140-768x1152.jpg 768w, https:\/\/www.touwin.com\/wp-content\/uploads\/2026\/02\/2-DSCF0140-1024x1536.jpg 1024w, https:\/\/www.touwin.com\/wp-content\/uploads\/2026\/02\/2-DSCF0140-600x900.jpg 600w, https:\/\/www.touwin.com\/wp-content\/uploads\/2026\/02\/2-DSCF0140.jpg 1365w\" sizes=\"auto, (max-width: 683px) 100vw, 683px\" \/><\/figure>\n\n\n\n<figure class=\"wp-block-image size-large\"><img loading=\"lazy\" decoding=\"async\" width=\"683\" height=\"1024\" data-id=\"975209\" src=\"https:\/\/www.touwin.com\/wp-content\/uploads\/2026\/02\/1-DSCF0100-683x1024.jpg\" alt=\"\" class=\"wp-image-975209\" srcset=\"https:\/\/www.touwin.com\/wp-content\/uploads\/2026\/02\/1-DSCF0100-683x1024.jpg 683w, https:\/\/www.touwin.com\/wp-content\/uploads\/2026\/02\/1-DSCF0100-200x300.jpg 200w, https:\/\/www.touwin.com\/wp-content\/uploads\/2026\/02\/1-DSCF0100-768x1152.jpg 768w, https:\/\/www.touwin.com\/wp-content\/uploads\/2026\/02\/1-DSCF0100-1024x1536.jpg 1024w, https:\/\/www.touwin.com\/wp-content\/uploads\/2026\/02\/1-DSCF0100-600x900.jpg 600w, https:\/\/www.touwin.com\/wp-content\/uploads\/2026\/02\/1-DSCF0100.jpg 1365w\" sizes=\"auto, (max-width: 683px) 100vw, 683px\" \/><\/figure>\n\n\n\n<figure class=\"wp-block-image size-large\"><img loading=\"lazy\" decoding=\"async\" width=\"683\" height=\"1024\" data-id=\"975208\" src=\"https:\/\/www.touwin.com\/wp-content\/uploads\/2026\/02\/3-DSCF9495-683x1024.jpg\" alt=\"\" class=\"wp-image-975208\" srcset=\"https:\/\/www.touwin.com\/wp-content\/uploads\/2026\/02\/3-DSCF9495-683x1024.jpg 683w, https:\/\/www.touwin.com\/wp-content\/uploads\/2026\/02\/3-DSCF9495-200x300.jpg 200w, https:\/\/www.touwin.com\/wp-content\/uploads\/2026\/02\/3-DSCF9495-768x1152.jpg 768w, https:\/\/www.touwin.com\/wp-content\/uploads\/2026\/02\/3-DSCF9495-1024x1536.jpg 1024w, https:\/\/www.touwin.com\/wp-content\/uploads\/2026\/02\/3-DSCF9495-600x900.jpg 600w, https:\/\/www.touwin.com\/wp-content\/uploads\/2026\/02\/3-DSCF9495.jpg 1365w\" sizes=\"auto, (max-width: 683px) 100vw, 683px\" \/><\/figure>\n\n\n\n<figure class=\"wp-block-image size-large\"><img loading=\"lazy\" decoding=\"async\" width=\"683\" height=\"1024\" data-id=\"975207\" src=\"https:\/\/www.touwin.com\/wp-content\/uploads\/2026\/02\/2-Touwin-20260494-683x1024.jpg\" alt=\"\" class=\"wp-image-975207\" srcset=\"https:\/\/www.touwin.com\/wp-content\/uploads\/2026\/02\/2-Touwin-20260494-683x1024.jpg 683w, https:\/\/www.touwin.com\/wp-content\/uploads\/2026\/02\/2-Touwin-20260494-200x300.jpg 200w, https:\/\/www.touwin.com\/wp-content\/uploads\/2026\/02\/2-Touwin-20260494-768x1152.jpg 768w, https:\/\/www.touwin.com\/wp-content\/uploads\/2026\/02\/2-Touwin-20260494-1024x1536.jpg 1024w, https:\/\/www.touwin.com\/wp-content\/uploads\/2026\/02\/2-Touwin-20260494-600x900.jpg 600w, https:\/\/www.touwin.com\/wp-content\/uploads\/2026\/02\/2-Touwin-20260494.jpg 1365w\" sizes=\"auto, (max-width: 683px) 100vw, 683px\" \/><\/figure>\n\n\n\n<figure class=\"wp-block-image size-large\"><img loading=\"lazy\" decoding=\"async\" width=\"683\" height=\"1024\" data-id=\"975206\" src=\"https:\/\/www.touwin.com\/wp-content\/uploads\/2026\/02\/1-Touwin-20260021-683x1024.jpg\" alt=\"\" class=\"wp-image-975206\" srcset=\"https:\/\/www.touwin.com\/wp-content\/uploads\/2026\/02\/1-Touwin-20260021-683x1024.jpg 683w, https:\/\/www.touwin.com\/wp-content\/uploads\/2026\/02\/1-Touwin-20260021-200x300.jpg 200w, https:\/\/www.touwin.com\/wp-content\/uploads\/2026\/02\/1-Touwin-20260021-768x1152.jpg 768w, https:\/\/www.touwin.com\/wp-content\/uploads\/2026\/02\/1-Touwin-20260021-1024x1536.jpg 1024w, https:\/\/www.touwin.com\/wp-content\/uploads\/2026\/02\/1-Touwin-20260021-600x900.jpg 600w, https:\/\/www.touwin.com\/wp-content\/uploads\/2026\/02\/1-Touwin-20260021.jpg 1365w\" sizes=\"auto, (max-width: 683px) 100vw, 683px\" \/><\/figure>\n<\/figure>\n\n\n\n\n\n<p class=\"has-text-align-center has-medium-font-size\">Hors d\u2019Europe&nbsp;? Voir les <a href=\"#\" rel=\"nofollow\">versions internationales<\/a>.<\/p>\n<\/div>\n\n\n\n<div class=\"wp-block-group alignfull has-global-padding is-layout-constrained wp-block-group-is-layout-constrained\" style=\"margin-top:0;margin-bottom:0;padding-top:var(--wp--preset--spacing--50);padding-bottom:var(--wp--preset--spacing--50)\">\n<div class=\"wp-block-columns alignwide is-layout-flex wp-container-core-columns-is-layout-fa584acd wp-block-columns-is-layout-flex\">\n<div class=\"wp-block-column is-vertically-aligned-center is-layout-flow wp-block-column-is-layout-flow\">\n<h2 class=\"wp-block-heading has-xx-large-font-size\">\u00c0 propos du livre<\/h2>\n\n\n\n<p class=\"has-medium-font-size\">Oubliez les clich\u00e9s des calendriers classiques : ici, pas de paysages gel\u00e9s ni de chatons mignons, mais des images\u00a0<strong>noir et blanc, sensuelles et pleines de caract\u00e8re<\/strong>, qui captent l\u2019attention et d\u00e9clenchent les conversations. Chaque mois, une sc\u00e8ne \u00e0 la fois\u00a0<strong>esth\u00e9tique, d\u00e9cal\u00e9e et assum\u00e9e<\/strong>, o\u00f9 l\u2019ombre et la lumi\u00e8re jouent avec l\u2019audace et la po\u00e9sie. Que ce soit pour offrir un cadeau qui marque les esprits, d\u00e9corer un bureau avec style ou simplement afficher fi\u00e8rement votre go\u00fbt pour l\u2019originalit\u00e9, ce calendrier est bien plus qu\u2019un objet :\u00a0<strong>c\u2019est une d\u00e9claration d\u2019intention.<\/strong><\/p>\n<\/div>\n\n\n\n<div class=\"wp-block-column is-vertically-aligned-center is-layout-flow wp-block-column-is-layout-flow\">\n<figure class=\"wp-block-image size-full is-style-default\"><img loading=\"lazy\" decoding=\"async\" width=\"1365\" height=\"2048\" src=\"https:\/\/www.touwin.com\/wp-content\/uploads\/2026\/02\/Touwin-20260753.jpg\" alt=\"\" class=\"wp-image-975234\" style=\"aspect-ratio:1;object-fit:contain\" srcset=\"https:\/\/www.touwin.com\/wp-content\/uploads\/2026\/02\/Touwin-20260753.jpg 1365w, https:\/\/www.touwin.com\/wp-content\/uploads\/2026\/02\/Touwin-20260753-200x300.jpg 200w, https:\/\/www.touwin.com\/wp-content\/uploads\/2026\/02\/Touwin-20260753-683x1024.jpg 683w, https:\/\/www.touwin.com\/wp-content\/uploads\/2026\/02\/Touwin-20260753-768x1152.jpg 768w, https:\/\/www.touwin.com\/wp-content\/uploads\/2026\/02\/Touwin-20260753-1024x1536.jpg 1024w, https:\/\/www.touwin.com\/wp-content\/uploads\/2026\/02\/Touwin-20260753-600x900.jpg 600w\" sizes=\"auto, (max-width: 1365px) 100vw, 1365px\" \/><\/figure>\n<\/div>\n<\/div>\n<\/div>\n\n\n\n\n\n<div class=\"wp-block-group alignfull has-global-padding is-layout-constrained wp-block-group-is-layout-constrained\" style=\"margin-top:0;margin-bottom:0\">\n<div class=\"wp-block-group alignwide is-layout-flow wp-container-core-group-is-layout-d58a0413 wp-block-group-is-layout-flow\" style=\"padding-top:var(--wp--preset--spacing--50);padding-bottom:var(--wp--preset--spacing--50)\">\n\n\n<div class=\"wp-block-columns is-layout-flex wp-container-core-columns-is-layout-cbe57604 wp-block-columns-is-layout-flex\">\n<div class=\"wp-block-column is-layout-flow wp-block-column-is-layout-flow\">\n<div class=\"wp-block-group is-layout-flow wp-block-group-is-layout-flow\" style=\"border-top-color:var(--wp--preset--color--accent-6);border-top-width:1px;padding-top:var(--wp--preset--spacing--30);padding-bottom:var(--wp--preset--spacing--30)\">\n<h3 class=\"wp-block-heading\">Pourquoi l\u2019adorer ?<\/h3>\n\n\n\n<p><strong>Un style unique<\/strong>\u00a0: Des photos en noir et blanc, entre \u00e9l\u00e9gance et provocation, qui sortent des sentiers battus.<\/p>\n\n\n\n<p><strong>Un objet qui fait parler<\/strong>\u00a0: Parfait pour briser la glace, susciter des sourires ou m\u00eame des rougissements.<\/p>\n\n\n\n<p><strong>Un format intemporel<\/strong>\u00a0: \u00c0 la fois classe et impertinent, il s\u2019int\u00e8gre partout\u2026 ou presque.<\/p>\n\n\n\n<p><strong>Un cadeau qui ne finit pas au placard<\/strong>\u00a0: Contrairement aux traditionnels calendriers oubli\u00e9s en f\u00e9vrier, celui-ci reste accroch\u00e9 (et comment\u00e9) jusqu\u2019\u00e0 d\u00e9cembre.<\/p>\n<\/div>\n<\/div>\n\n\n\n<div class=\"wp-block-column is-layout-flow wp-block-column-is-layout-flow\">\n<div class=\"wp-block-group is-layout-flow wp-block-group-is-layout-flow\" style=\"border-top-color:var(--wp--preset--color--accent-6);border-top-width:1px;padding-top:var(--wp--preset--spacing--30);padding-bottom:var(--wp--preset--spacing--30)\">\n<h3 class=\"wp-block-heading\">\u00c0 qui s\u2019adresse-t-il ?<\/h3>\n\n\n\n<p>Aux amateurs d\u2019art et de photographie qui aiment les univers forts.<\/p>\n\n\n\n<p>Aux entreprises ou \u00e9quipes qui veulent un cadeau client ou collaborateur\u00a0<strong>m\u00e9morable et d\u00e9cal\u00e9<\/strong>.<\/p>\n\n\n\n<p>\u00c0 tous ceux qui en ont marre de la routine et veulent un peu de piquant dans leur quotidien.<\/p>\n\n\n\n<p><strong>Parce qu\u2019une ann\u00e9e, \u00e7a se vit avec panache\u2026 et un brin d\u2019impertinence.<\/strong><\/p>\n<\/div>\n<\/div>\n<\/div>\n\n\n\n<div class=\"wp-block-columns is-layout-flex wp-container-core-columns-is-layout-cbe57604 wp-block-columns-is-layout-flex\">\n<div class=\"wp-block-column is-layout-flow wp-block-column-is-layout-flow\">\n<div class=\"wp-block-group is-layout-flow wp-block-group-is-layout-flow\" style=\"border-top-color:var(--wp--preset--color--accent-6);border-top-width:1px;padding-top:var(--wp--preset--spacing--30);padding-bottom:var(--wp--preset--spacing--30)\">\n<h3 class=\"wp-block-heading\">Mais est-ce que je peux vraiment l\u2019accrocher au bureau sans choquer ma RH ?\u00a0<\/h3>\n\n\n\n<p>Tout d\u00e9pend de votre RH\u2026 mais disons que ce calendrier est\u00a0<strong>assez classe pour passer inaper\u00e7u aux yeux des moins observateurs<\/strong>, et assez styl\u00e9 pour faire sourire les autres. Si votre open-space ressemble \u00e0 un couvent, optez plut\u00f4t pour la version \u00e0 la maison. Sinon, assumez : l\u2019art n\u2019a pas de limites (ou presque).<\/p>\n<\/div>\n<\/div>\n\n\n\n<div class=\"wp-block-column is-layout-flow wp-block-column-is-layout-flow\">\n<div class=\"wp-block-group is-layout-flow wp-block-group-is-layout-flow\" style=\"border-top-color:var(--wp--preset--color--accent-6);border-top-width:1px;padding-top:var(--wp--preset--spacing--30);padding-bottom:var(--wp--preset--spacing--30)\">\n<h3 class=\"wp-block-heading\">Et si je veux l\u2019offrir \u00e0 ma belle-m\u00e8re ?<\/h3>\n\n\n\n<p><strong>On vous arr\u00eate tout de suite.<\/strong>\u00a0\u00c0 moins que votre belle-m\u00e8re ne soit une ancienne star de cabaret ou une collectionneuse d\u2019art contemporain tr\u00e8s ouverte d\u2019esprit, privil\u00e9giez un joli bouquet de fleurs ou une bo\u00eete de chocolats. Ce calendrier, lui, est plut\u00f4t destin\u00e9 \u00e0 ceux qui savent appr\u00e9cier\u2026\u00a0<em>les nuances de gris.<\/em><\/p>\n<\/div>\n<\/div>\n<\/div>\n<\/div>\n<\/div>\n\n\n\n<aside class=\"wp-block-group alignfull is-style-section-3 has-global-padding is-layout-constrained wp-container-core-group-is-layout-f0f2a97b wp-block-group-is-layout-constrained is-style-section-3--2\" style=\"margin-top:0;margin-bottom:0;padding-top:var(--wp--preset--spacing--50);padding-right:var(--wp--preset--spacing--50);padding-bottom:var(--wp--preset--spacing--50);padding-left:var(--wp--preset--spacing--50)\">\n<div class=\"wp-block-group is-vertical is-content-justification-center is-layout-flex wp-container-core-group-is-layout-8778ca4a wp-block-group-is-layout-flex\" style=\"min-height:360px;margin-top:0;margin-bottom:0\">\n<h2 class=\"wp-block-heading has-text-align-center has-xx-large-font-size\">Inscrivez-vous pour recevoir des histoires quotidiennes<\/h2>\n\n\n\n<p class=\"has-text-align-center is-style-text-subtitle is-style-text-subtitle--3\"><strong>Pr\u00eat \u00e0 rendre vos mois un peu plus chauds (visuellement, bien s\u00fbr) ?<\/strong><\/p>\n\n\n\n<div style=\"height:0px\" aria-hidden=\"true\" class=\"wp-block-spacer wp-container-content-62aae154\"><\/div>\n\n\n\n<div class=\"wp-block-buttons is-content-justification-center is-layout-flex wp-container-core-buttons-is-layout-a89b3969 wp-block-buttons-is-layout-flex\">\n<div class=\"wp-block-button\"><a class=\"wp-block-button__link has-text-align-center wp-element-button\">Acheter<\/a><\/div>\n<\/div>\n<\/div>\n<\/aside>\n","protected":false},"excerpt":{"rendered":"<p>Calendrier 2026 Un calendrier qui ose tout\u2026 et qui vous fera oublier les chats et les paysages ennuyeux.&nbsp;Chaque mois, une dose d\u2019audace, de sensualit\u00e9 et d\u2019humour noir et blanc pour \u00e9gayer vos murs (et vos pauses caf\u00e9). Parce qu\u2019un agenda, c\u2019hui, \u00e7a se regarde avec un sourire en coin.&nbsp;\u00c0 accrocher sans mod\u00e9ration. Disponible en pr\u00e9commande [&hellip;]<\/p>\n","protected":false},"author":1,"featured_media":0,"parent":0,"menu_order":0,"comment_status":"closed","ping_status":"closed","template":"page-no-title","meta":{"footnotes":""},"class_list":["post-975200","page","type-page","status-publish","hentry"],"_links":{"self":[{"href":"https:\/\/www.touwin.com\/index.php\/wp-json\/wp\/v2\/pages\/975200","targetHints":{"allow":["GET"]}}],"collection":[{"href":"https:\/\/www.touwin.com\/index.php\/wp-json\/wp\/v2\/pages"}],"about":[{"href":"https:\/\/www.touwin.com\/index.php\/wp-json\/wp\/v2\/types\/page"}],"author":[{"embeddable":true,"href":"https:\/\/www.touwin.com\/index.php\/wp-json\/wp\/v2\/users\/1"}],"replies":[{"embeddable":true,"href":"https:\/\/www.touwin.com\/index.php\/wp-json\/wp\/v2\/comments?post=975200"}],"version-history":[{"count":4,"href":"https:\/\/www.touwin.com\/index.php\/wp-json\/wp\/v2\/pages\/975200\/revisions"}],"predecessor-version":[{"id":975236,"href":"https:\/\/www.touwin.com\/index.php\/wp-json\/wp\/v2\/pages\/975200\/revisions\/975236"}],"wp:attachment":[{"href":"https:\/\/www.touwin.com\/index.php\/wp-json\/wp\/v2\/media?parent=975200"}],"curies":[{"name":"wp","href":"https:\/\/api.w.org\/{rel}","templated":true}]}}